ultiple of 3?
True
Is 1205 a multiple of 16?
False
Does 59 divide 3023?
False
Is 61 a factor of 672?
False
Is 8400 a multiple of 8?
True
Does 17 divide 492?
False
Is 41 a factor of 1883?
False
Does 18 divide 5451?
False
Is 3597 a multiple of 3?
True
Is 3973 a multiple of 9?
False
Is 122 a factor of 7442?
True
Does 26 divide 104?
True
Does 114 divide 279?
False
Is 154 a factor of 44506?
True
Is 19782 a multiple of 21?
True
Does 25 divide 225?
True
Is 629 a multiple of 257?
False
Is 5564 a multiple of 29?
False
Is 6 a factor of 666?
True
Does 57 divide 5358?
True
Is 10 a factor of 160?
True
Is 3768 a multiple of 12?
True
Is 426 a multiple of 15?
False
Is 113 a factor of 13502?
False
Is 12 a factor of 1716?
True
Is 18 a factor of 1656?
True
Is 12468 a multiple of 71?
False
Is 12980 a multiple of 55?
True
Does 25 divide 3131?
False
Does 84 divide 6300?
True
Is 1275 a multiple of 3?
True
Is 164 a multiple of 5?
False
Is 30707 a multiple of 27?
False
Is 6 a factor of 4266?
True
Is 47 a factor of 472?
False
Is 6 a factor of 1212?
True
Is 7315 a multiple of 385?
True
Is 5984 a multiple of 34?
True
Does 19 divide 32665?
False
Does 12 divide 48000?
True
Does 36 divide 648?
True
Does 32 divide 3296?
True
Is 14 a factor of 518?
True
Is 79124 a multiple of 302?
True
Is 9206 a multiple of 13?
False
Is 40 a factor of 10000?
True
Is 79107 a multiple of 122?
False
Is 22 a factor of 2384?
False
Does 159 divide 2385?
True
Is 70 a factor of 82607?
False
Does 17 divide 3967?
False
Does 12 divide 7594?
False
Does 46 divide 101846?
False
Is 502 a multiple of 32?
False
Does 8 divide 14520?
True
Does 3 divide 410?
False
Is 2365 a multiple of 73?
False
Is 27 a factor of 32947?
False
Is 1178 even?
True
Is 23 a factor of 2507?
True
Is 86 a factor of 369?
False
Does 39 divide 3666?
True
Does 9 divide 10548?
True
Is 108 a multiple of 3?
True
Does 28 divide 5040?
True
Is 4517 a multiple of 120?
False
Is 6802 a multiple of 164?
False
Is 392 a multiple of 56?
True
Does 4 divide 28?
True
Is 1656 a multiple of 3?
True
Is 108 a factor of 83872?
False
Does 115 divide 1867?
False
Is 15 a factor of 570?
True
Is 3 a factor of 4611?
True
Is 13 a factor of 12678?
False
Is 120 a factor of 31320?
True
Is 12 a factor of 609?
False
Is 41 a factor of 2788?
True
Is 1128 a multiple of 3?
True
Is 77 a factor of 2695?
True
Is 59 a factor of 82364?
True
Is 4325 a multiple of 10?
False
Is 18 a factor of 270?
True
Does 4 divide 295?
False
Is 459 a multiple of 61?
False
Does 10 divide 1043?
False
Is 40 a factor of 2280?
True
Does 74 divide 2812?
True
Is 147 a multiple of 49?
True
Is 3941 a multiple of 19?
False
Is 25 a factor of 11579?
False
Does 56 divide 3584?
True
Is 19 a factor of 180?
False
Is 11 a factor of 2988?
False
Is 2 a factor of 8627?
False
Is 1310 a multiple of 10?
True
Is 217 a factor of 11067?
True
Is 126 a multiple of 3?
True
Is 474 a multiple of 4?
False
Is 23048 a multiple of 134?
True
Is 10 a factor of 1470?
True
Is 9 a factor of 444?
False
Does 31 divide 2168?
False
Does 10 divide 15817?
False
Is 10 a factor of 25849?
False
Is 23 a factor of 1789?
False
Is 870 a multiple of 145?
True
Is 54 a factor of 20466?
True
Is 953 a multiple of 77?
False
Is 962 a multiple of 13?
True
Does 21 divide 3150?
True
Does 28 divide 10677?
False
Is 36 a factor of 504?
True
Does 24 divide 45583?
False
Does 28 divide 1344?
True
Is 32 a factor of 31296?
True
Is 6739 a multiple of 23?
True
Is 2 a factor of 1584?
True
Is 42 a factor of 84?
True
Does 35 divide 11866?
False
Does 49 divide 2430?
False
Is 138 a factor of 204?
False
Does 18 divide 2052?
True
Does 88 divide 60815?
False
Is 51 a factor of 18861?
False
Does 136 divide 19672?
False
Is 234 a multiple of 13?
True
Is 38 a factor of 21610?
False
Is 1994 a multiple of 37?
False
Is 134 a factor of 92451?
False
Is 4 a factor of 619?
False
Is 29 a factor of 377?
True
Is 67 a factor of 5842?
False
Is 136 a multiple of 34?
True
Does 36 divide 31320?
True
Is 314 even?
True
Does 20 divide 340?
True
Does 24 divide 6643?
False
Is 14 a factor of 252?
True
Is 1104 a multiple of 6?
True
Is 13 a factor of 7501?
True
Does 12 divide 1188?
True
Is 64 a factor of 15641?
False
Is 5194 a multiple of 98?
True
Is 20 a factor of 110430?
False
Is 8 a factor of 66214?
False
Is 27977 a multiple of 12?
False
Is 2 a factor of 607?
False
Is 20 a factor of 3940?
True
Does 12 divide 638?
False
Is 19 a factor of 3339?
False
Is 79 a factor of 65322?
False
Is 14 a factor of 8405?
False
Is 1980 a multiple of 44?
True
Is 18 a factor of 90539?
False
Is 69 a factor of 1380?
True
Is 10 a factor of 780?
True
Does 20 divide 1005?
False
Is 12 a factor of 794?
False
Is 28 a factor of 868?
True
Does 217 divide 9397?
False
Is 40 a factor of 2008?
False
Is 9 a factor of 45936?
True
Does 140 divide 7351?
False
Does 58 divide 1075?
False
Does 46 divide 92138?
True
Does 22 divide 102680?
False
Is 80 a multiple of 80?
True
Does 5 divide 8799?
False
Is 7750 a multiple of 10?
True
Does 28 divide 4680?
False
Is 28580 a multiple of 20?
True
Is 2 a factor of 232?
True
Does 3 divide 117?
True
Is 24128 a multiple of 8?
True
Is 8 a factor of 628?
False
Is 76363 a multiple of 7?
True
Is 5145 a multiple of 15?
True
Is 18861 a multiple of 81?
False
Is 63 a factor of 8774?
False
Is 8 a factor of 25280?
True
Is 28 a factor of 1727?
False
Is 6 a factor of 1715?
False
Is 52930 a multiple of 158?
True
Is 384 a multiple of 24?
True
Is 124 a multiple of 51?
False
Does 8 divide 265?
False
Is 18082 a multiple of 15?
False
Is 7867 a multiple of 94?
False
Does 7 divide 1159?
False
Is 18 a factor of 4860?
True
Is 9166 a multiple of 83?
False
Is 16 a factor of 7520?
True
Is 11121 a multiple of 11?
True
Is 60139 a multiple of 18?
False
Is 12 a factor of 71573?
False
Does 16 divide 2488?
False
Is 18 a factor of 1070?
False
Is 19511 a multiple of 109?
True
Is 20028 a multiple of 121?
False
Is 145 a multiple of 2?
False
Is 21 a factor of 231?
True
Is 2565 a multiple of 19?
True
Is 43428 a multiple of 21?
True
Does 96 divide 4539?
False
Is 69 a multiple of 6?
False
Is 12626 a multiple of 59?
True
Is 39 a factor of 75644?
False
Does 39 divide 1014?
True
Is 880 a multiple of 110?
True
Does 37 divide 7733?
True
Is 56 a factor of 35504?
True
Is 1387 a multiple of 19?
True
Does 21 divide 966?
True
Is 259 a multiple of 37?
True
Is 1922 a multiple of 15?
False
Is 9 a factor of 99?
True
Is 912 a multiple of 38?
True
Does 57 divide 114?
True
Is 44 a factor of 609?
False
Is 11 a factor of 2271?
False
Is 70 a factor of 22050?
True
Is 5841 a multiple of 3?
True
Does 17 divide 204?
True
Does 10 divide 29769?
False
Is 494 a multiple of 5?
False
Is 143 a multiple of 5?
False
Does 30 divide 33714?
False
Is 1254 a multiple of 11?
True
Does 14 divide 1008?
True
Does 72 divide 1238?
False
Is 4066 a multiple of 107?
True
Does 27 divide 4185?
True
Is 4621 a multiple of 6?
False
Is 13503 a multiple of 53?
False
Is 126 a factor of 3469?
False
Is 9 a factor of 6534?
True
Is 2 a factor of 258?
True
Does 41 divide 1572?
False
Is 36 a factor of 864?
True
Is 1287 a multiple of 13?
True
Is 1322 a multiple of 10?
False
Is 40 a factor of 1519?
False
Does 11 divide 8032?
False
Is 5 a factor of 525?
True
Is 496 a multiple of 11?
False
Is 106 a factor of 106?
True
Is 8 a factor of 128?
True
Is 40255 a multiple of 13?
False
Does 5 divide 438?
False
Is 52 a factor of 572?
True
Is 46 a factor of 397?
False
Is 14 a factor of 1092?
True
Is 3658 a multiple of 94?
False
Is 121 a factor of 37026?
True
Does 22 divide 902?
True
Does 16 divide 711?
False
Is 10 a factor of 862?
False
Is 329 a multiple of 2?
False
Is 999 a multiple of 21?
False
Is 2 a factor of 82?
True
Is 7450 a multiple of 50?
True
Is 40981 a multiple of 30?
False
Does 19 divide 21721?
False
Is 23 a factor of 69?
True
Does 96 divide 5664?
True
Is 5 a factor of 60?
True
Is 364 a multiple of 13?
True
Does 25 divide 2105?
False
Does 14 divide 3304?
True
Is 1582 a multiple of 14?
True
Does 11 divide 3895?
False
Is 530 a multiple of 3?
False
Is 2566 a multiple of 10?
False
Does 23 divide 4306?
False
Is 1917 a multiple of 11?
False
Is 2810 a multiple of 4?
False
Is 861 a multiple of 7?
True
Is 16 a factor of 96?
True
Does 11 divide 19026?
False
Is 21 a factor of 5862?
False
Does 103 divide 5356?
True
Do